uppose 14 = 2*k - q + 3, -k - q + 1 = 0. Let y(b) = -k*b + 0*b + 3*b - w + 0*b. What is y(-2)?
0
Let m(o) = o + 2 + 2*o - o - 3. Give m(3).
5
Let g(f) = f**3 + 3*f**2 - 3*f - 3. Suppose -2*c = b - 3*c, 0 = 4*b + 3*c + 21. Give g(b).
6
Let i(q) be the second derivative of q**4/12 - 3*q**3/2 + 3*q**2 - 5*q. What is i(6)?
-12
Let j be -2*(1 - 2)*1. Let r(t) = t**2 - 4*t**j - t**2 - 3*t**2. Let s be (1/(-2))/((-1)/(-2)). Calculate r(s).
-7
Let u(n) = -3*n + 1. Suppose 0 = -5*v + 4*m + 5, -3 = -2*v - v + 2*m. Determine u(v).
-2
Let c(t) = 6*t**2 - t. Let o(m) = -m**3 - 12*m**2 - 12*m - 12. Let u be o(-11). Determine c(u).
7
Suppose -5*m + 41 = -4*r, 2*m - 38 = 5*r - 8. Suppose m*h - 2*h = 0. Suppose -2 = 3*i + 5*k, -2*i - 5*k + h = 3. Let c(s) = -5*s**2. What is c(i)?
-5
Let o(x) be the first derivative of x**4/4 - 7*x**3/3 + 3*x - 1. Let b be o(7). Let w(g) = 3 - 4 + g**2 + 3 - 4*g. Calculate w(b).
-1
Let v(h) = 5*h**2 - 1. Let q be v(-1). Let n be (-27)/(-6) + 2/q. Suppose 2*l - 5*k = 6*l, l + 25 = n*k. Let j(b) = b**3 + 6*b**2 + 7*b + 6. Calculate j(l).
-4
Let y(v) = v**3 + v - 4. Suppose 0*u = u. Give y(u).
-4
Let g(n) = n**3 + 3*n**2. Let w be g(-2). Let y(r) = -5*r + 1 + 2 - r**2 - w. Suppose -a + 2*a + 5 = 0. What is y(a)?
-1
Let r(i) = 39*i**2 + 46*i**2 + 5 - i**3 - 2*i - 80*i**2. Calculate r(5).
-5
Let o(i) = 2*i**3 + i**2 - i - 1. Let n(g) = -g**3 - 2*g**2 - 2*g - 1. Let l be n(-1). Suppose l = -w - 1. What is o(w)?
-1
Let c(v) = v - 1. Let f(t) = -t + 5. Let g(w) = -4*c(w) - f(w). Give g(2).
-7
Let h(d) = d + 1. Let o be -2 + 6*4/8. Give h(o).
2
Let x be 3/6*(6 - 2). Let z(g) = 5*g**2 - 3*g. Let p(n) = -6*n**2 + 4*n. Let b(a) = 4*p(a) + 5*z(a). Calculate b(x).
6
Let f(q) = -q**2 - 2*q - 2. Let j be 2*(3 - (-2)/(-1)). Let n be 1/(-1)*-1*6. Suppose -j*v - n = 0, 2*g - 32 = 7*g + 4*v. Calculate f(g).
-10
Suppose 22 = -3*u + 4*l + l, 0 = 4*u - 5*l + 26. Let d(g) = -2*g**2 - 3*g + 3. Calculate d(u).
-17
Let l(b) = -b + 6. Let x be l(7). Let t be (x - -1)*(-2)/4. Let k = -1 - t. Let w(j) = -2*j**2. What is w(k)?
-2
Let a(p) = -p + 4. Let m(x) = -x**3 - 8*x**2 - 9*x - 2. Let n be m(-6). Let q be (2/(-2 + 0))/(-1). Let r be (-2 + q)/(5/n). Give a(r).
0
Let b be 3 + -1 + 2 + -2. Let w(s) = s - 3*s - s**2 + 2*s**b - 1 - 2*s**2. What is w(2)?
-9
Let p(c) = -c**2 - c. Let s(t) = t**3 - 5*t**2 - 5*t - 4. Let b(w) = -5*p(w) + s(w). Let l be 8/5 - 4/(-10). Let m = -2 + l. Determine b(m).
-4
Let j(m) = -m - 3. Suppose -2*d = 4 + 4, d + 44 = 5*o. Let h = 4 - o. Determine j(h).
1
Let x(n) = -n**2 - 2*n - 3. Let z be ((-10)/(-3))/((-68)/102). Calculate x(z).
-18
Let z(b) = -2*b**3 + 3*b**2 - 4*b + 1. Let q(r) = r**3 + r**2 - 1. Let a(g) = 3*q(g) + z(g). Give a(-7).
-23
Let s(y) = -y**3 + 6*y**2 + 6. Let t = -8 + 14. Calculate s(t).
6
Let r(l) = l**3 + 8*l**2 + 5. Suppose 0 = -3*u - 4*i - 28, i - 12 = u + 5*i. Give r(u).
5
Suppose 5*m - 15 + 0 = 0. Let t(a) = 4*a**m + 5 - 4 - 2*a + 3*a. Suppose 2*j + 8 = 3*b - 6, b = 4*j + 8. Give t(j).
-4
Suppose -2*o + 4*o - 2 = 0. Let h be 8/(-1 - o) + 0. Let r(t) = -t**3 - 3*t**2 + 5*t + 3. Give r(h).
-1
Let h(c) = 5*c**3 - 2*c - 6. Let z(u) = 4*u**3 - u**2 - u - 6. Let f(i) = 3*h(i) - 4*z(i). What is f(4)?
-2
Suppose 4*u - 4 = 2*k, -3*u - 3*k - 4 = -k. Let l(n) = -n**2 + 8. Calculate l(u).
8
Let j(q) be the third derivative of -q**4/12 - q**3/2 - 19*q**2 - 1. What is j(-3)?
3
Let z(m) = -2*m + 15 + 6*m - 3*m. What is z(-7)?
8
Let p(b) = -2*b + 1. Let o be 0 + 1 + 18/6. Suppose -3*a = -o*i + 5, 0 = a - 3*a + 4*i - 2. Calculate p(a).
7
Suppose a + 5*q = -23, -3*q - 7 = -5*a + 18. Let x(l) = 2*l**2 - 3*l + 1. Determine x(a).
3
Let n(p) be the third derivative of -1/4*p**4 + 0 + 0*p + p**2 + 1/6*p**3. Give n(1).
-5
Let d(i) = -5 - i - 2 + 3. Give d(0).
-4
Let v(l) = -4 + 35*l + 8 - 36*l. Give v(-5).
9
Let t(a) be the second derivative of -a**4/12 + 3*a**3/2 - 2*a**2 - a. Let k(v) = 5*v**2 - 46*v + 19. Let d(q) = 2*k(q) + 11*t(q). What is d(4)?
6
Let o(h) be the third derivative of h**8/20160 - h**7/2520 - h**6/144 - h**5/60 - 3*h**2. Let k(v) be the third derivative of o(v). Determine k(5).
10
Let r(q) = q - 2. Let f be ((-4)/(-3))/((-6)/(-9)). Suppose -36 = -5*b + 2*y, 0 = 2*b + f*y - 0*y - 6. Calculate r(b).
4
Let h(w) = w**2 + 2*w + 1. Let f be h(-1). Suppose -5*d + 10 + 15 = f. Let q(o) = -2*o + 2 + 5*o - 4*o. Determine q(d).
-3
Let j be (0/2)/(-1 - 1). Let m(x) be the third derivative of -x**6/120 - x**5/60 - x**4/24 + x**3 + 21*x**2. Determine m(j).
6
Let a(q) = -q - 6. Suppose 58 = 2*z - 4*r, 0 = 5*z + 3*r + r - 103. Suppose 5*h = -2 - z. What is a(h)?
-1
Let v(i) be the second derivative of -5/24*i**4 + 1/2*i**2 + 2/3*i**3 + 0 - 1/60*i**5 + 3*i. Let n(y) be the first derivative of v(y). Calculate n(-5).
4
Let i(z) be the first derivative of -8*z**3/3 + 1. Let r(b) = b - 3. Let o be r(6). Let w(s) = s - 4. Let l be w(o). What is i(l)?
-8
Let g(a) be the third derivative of -a**6/120 - a**5/60 - a**4/24 - 7*a**3/6 + a**2. Let v(w) = w**3 + 6*w**2 + 7*w + 10. Let i be v(-5). Calculate g(i).
-7
Suppose -5*k + 25 + 75 = 0. Suppose l - k = -l. Suppose -l = -3*w - 2*w. Let v(p) = 2*p - 2. Give v(w).
2
Let j(a) = -14*a**3 - 18*a**2 + 3*a + 10. Let r(p) = 5*p**3 + 6*p**2 - p - 3. Let z(i) = -4*j(i) - 11*r(i). Calculate z(-6).
-1
Let x(j) = 7*j**3 + 7*j**2 - 7*j - 3. Let i be -2 - (0 - -1 - -2). Let h(a) = 3*a**3 + 3*a**2 - 3*a - 1. Let m(r) = i*h(r) + 2*x(r). Give m(-3).
14
Let f(i) = i**3 - 6*i**2 - 2*i + 7. Let z be f(6). Let b(w) = -w**2 - 5*w - 5. What is b(z)?
-5
Let q(t) = t - 3. Suppose -p - 3*x = -6, 6*p + 10 = 4*p + 5*x. Suppose p = 3*o + 14 - 77. Let r be (-77)/o - 4/(-6). Calculate q(r).
-6
Let m = -5 + 7. Let r(q) = q + q**3 + 75 + 3*q**m - 74 + q. Calculate r(-2).
1
Let y = -5 - -3. Let p(o) be the first derivative of o**7/840 - o**6/180 - o**5/40 + o**3 + 3. Let h(x) be the third derivative of p(x). Give h(y).
-10
Let n = -9 - -14. Suppose -j = n*w + 9, 3*j + 4*w - 5*w = 5. Let o(k) be the third derivative of -k**4/6 - k**3/6 + 2*k**2 - 33*k. Calculate o(j).
-5
Suppose -3*l + 3 = -2*l. Let h(z) = 2*z - z + 0*z + z**l - z**2. Let r be (-3)/12 - (-9)/4. Calculate h(r).
6
Let h(r) = 5*r + 5. Let q(z) = 6*z + 5. Let v(c) = 7*h(c) - 6*q(c). Let f be ((-5)/(-10))/((-3)/(-24)). Give v(f).
1
Let h(d) = -4. Let c(g) = -2*g + 11. Let m(f) = 3*c(f) + 8*h(f). Calculate m(-1).
7
Let s(o) be the second derivative of -5*o**3/6 + o**2/2 + 3*o. Determine s(1).
-4
Let g(y) = -y**3 - 3*y**2 + y + 2. Let f = -3 - -9. Suppose -2*q - 2*i = 14, 14 - f = -2*i. Let w be g(q). Let j(l) = -3*l**3 + 2*l**2 + l. Give j(w).
4
Let r(p) be the third derivative of -p**6/12 + p**4/24 + p**2. Let f be 1 - (2 - (3 - 1))/(-1). Calculate r(f).
-9
Let y(w) = w - 2. Let p(d) = -7*d. Let l be p(-3). Suppose l = -3*z - 5*m, -z + 5*m = -9 - 4. Give y(z).
-4
Let z(r) = -r**2 + 4*r + r - 4 - 3*r - 9*r. Let w(m) = -m - 4. Let u be w(-3). Let p be (-15)/6*(1 - u). What is z(p)?
6
Let s(o) be the first derivative of -o**5/20 + 5*o**4/12 - 2*o**3/3 - o**2/2 - 3*o - 4. Let i(z) be the first derivative of s(z). Calculate i(4).
-1
Let s = -8 + 5. Let f(x) = -2*x - 8. Let o(n) = 2*n + 7. Let r(v) = -5*f(v) - 6*o(v). Determine r(s).
4
Let m be 7/(-2)*-1*2. Let b(p) = m - p - 3*p + 3*p. Calculate b(5).
2
Let k(r) be the first derivative of -2 + 0*r - 1/2*r**2. Let f = 7 + -10. Give k(f).
3
Let j be (-6)/(-15) - (-8)/5. Suppose 2*l = -j*l - 16. Let a(b) = -2 - 2*b - 6*b**2 - 3 - b**3 - 5*b. Give a(l).
-9
Let i(q) be the third derivative of -q**5/60 - 5*q**4/24 - q**3 + 7*q**2. What is i(-5)?
-6
Let s(w) = w**2 + 2*w + 6. Suppose -2*g - 3*g + 3*q = -19, 0 = 5*q + 15. Suppose 4*p + 22 = 3*o, -p + o = -g*o + 10. Give s(p).
14
Let y(l) = -l + 5. Let r(v) = -4*v + 19. Let d be r(6). Calculate y(d).
10
Suppose -4*j + 3*z + 1 + 15 = 0, -3*z = 3*j - 12. Let d(t) be the third derivative of -t**4/24 - t**3/2 + t**2. Give d(j).
-7
Let b be 0 + 1 - (5 - -1). Let p(a) = a + 9. Give p(b).
4
Let x(d) = -d + 10. Let h be x(5). Suppose -h = w - 6*w. Let z(s) be the second derivative of -s**4/12 + s**3/3 - s**2/2 - s. Give z(w).
0
Let f(b) = b**2 + b - 1. Let m(p) = p**3 + 6*p**2 + p + 2. Suppose 11*h - 4 = 7*h. Let q(d) = h*f(d) - m(d). Determine q(-5).
-3
Let p(r) be the firs